*6/60 - f**5/30 - 5*f**4/24 - 5*f**3/6 - 5*f**2. List the prime factors of p(x).
2, 5, 17
Suppose 4*g + 3 = -3*n, 4*g - n - n = 22. Suppose -2*h + 2*d + 322 = -0*h, 165 = h - g*d. List the prime factors of h.
3, 53
Suppose 454382 = 57*a - 105682 + 98934. What are the prime factors of a?
2, 5, 809
Suppose -159 + 514 = 5*h. Suppose -2*w - 4*p = 66, -h + 5 = 2*w + 2*p. What are the prime factors of (-654)/w + 6/33?
2, 5
Let t be (5 - (-48)/(-9))*(-360 - -3). What are the prime factors of (t/(-2))/1*648/(-126)?
2, 3, 17
Let x(y) = 36*y**3 - 2*y**2 + 10*y - 7. Let m be x(3). Let l = m - 679. What are the prime factors of l?
2, 149
Suppose 718*m - 5237823 = 1145915. List the prime factors of m.
17, 523
Suppose 5*l - 5 = 5*h, 4*l + l = -3*h + 29. Suppose -2*k + 1512 = -3*n, h*k - 2*n = 57 + 2206. What are the prime factors of k?
3, 251
Suppose 13688*g = 13685*g + 22185. List the prime factors of g.
3, 5, 17, 29
Let d = -663 + 2944. Suppose -13*n + d = -254. What are the prime factors of n?
3, 5, 13
Suppose 14*r = 6*w + 16*r - 49372, -3*w = -3*r - 24690. What are the prime factors of w?
3, 13, 211
Suppose -11*r + 9*r + 2 = 0. Let t be ((-20)/(-8))/r*6/5. Suppose t*s - 204 = s. List the prime factors of s.
2, 3, 17
Let j = -8965 + 22963. List the prime factors of j.
2, 3, 2333
Let o(f) = -4*f**2 - 33*f - 35. Let p be o(-6). Let r = 2 + -8. What are the prime factors of (4 - (-3 - r))*p?
19
Suppose -3*q + 5*s = -6, -q - 6 = 3*s + 6. Let k be -7*(69 + q) + 1/(-1). Let l = -289 - k. List the prime factors of l.
2, 3, 29
Let r(y) = y**3 + 23*y**2 + y + 34. Let b(d) = -d**3 - 11*d**2 - 20*d + 9. Let z be b(-8). What are the prime factors of r(z)?
11
Let f(m) = m - 1. Let k be f(-1). Let a be 3556/7 - (6 + k). Suppose -4*u + 5*b = -a, 3*u - 4*b + 70 = 447. List the prime factors of u.
131
Let x(b) = b**2 + 6*b - 5. Let h be x(-7). Let p(c) = -8*c - 10. Let q be p(-19). Suppose 2*n = -4*t + q, -h*n = 2*t - 6*t - 102. List the prime factors of n.
61
Suppose 37*f - 33*f - 44583 = -p, 0 = -5*f + 4*p + 55713. List the prime factors of f.
3, 5, 743
Let s = 116 + -98. Suppose -21*v + 927 = -s*v - 4*p, 0 = 4*v - 4*p - 1232. What are the prime factors of v?
5, 61
Let r be (-1 + 2)/(-6*(-6)/537156). Suppose 14*y - r = 7815. What are the prime factors of y?
2, 7, 29
Suppose 2*y = -2*l - 2, -9*l - 1 = y - 5*l. List the prime factors of (12 - 12)/9 - (-240 + y).
241
Suppose 5*y + 10 = 0, 4*y = -3*i + 6*i - 115865. List the prime factors of i.
3, 7, 613
Let m = -92 + 160. Let x = 71 - m. Suppose 3*d - 273 = -x*w, 0 = -d + 4*d + 4*w - 278. List the prime factors of d.
2, 43
Suppose -5*m - 25 - 10 = 0. Let v be -5*(-5 - m)/(-1). What are the prime factors of (-141 + -4)*(-6)/v?
3, 29
Suppose 0 = -4*o + 6*x - 20*x + 6626, -o - x = -1644. What are the prime factors of o?
11, 149
Let x = 119 - 73. Suppose 0 = 3*m + x - 10. Let y(l) = -5*l - 22. What are the prime factors of y(m)?
2, 19
Suppose -64*z = -102*z + 701518. What are the prime factors of z?
18461
Suppose -15*r = -r + 14196. What are the prime factors of 135/(-90) + r/(-4) - -5?
257
Suppose 0 = 110*l - 113*l - 3. Let d be -12 + -8 - l/2*0. Let o = d + 240. What are the prime factors of o?
2, 5, 11
Suppose -76*g + 83099 = 5*s - 79*g, -16615 = -s - g. What are the prime factors of s?
2, 7, 1187
Let r = -331 + 862. What are the prime factors of r?
3, 59
Suppose 2674 = -5*w - s, s + 723 = -w + 189. Let p = -132 - w. What are the prime factors of p?
13, 31
Suppose -2*l - 668618 = -14*a, 4*a + 2*l - 132721 - 58305 = 0. List the prime factors of a.
2, 23879
What are the prime factors of (-384123)/(-15) - (-1 - (-54)/45)?
2, 3, 11, 97
Let s = 35036 + -17609. List the prime factors of s.
3, 37, 157
Suppose 9*b - 28 = 17. Suppose 2*c - b*r - 288 = 362, 5*r = -5*c + 1625. What are the prime factors of c?
5, 13
List the prime factors of (-4)/(-8) + (380706/36 - 20/(-15)).
7, 1511
Suppose -26123 = -3*s + u, 34*s - 2*u - 34828 = 30*s. List the prime factors of s.
3, 2903
Suppose -5*n - 15 = 0, o - 2*n + n - 2 = 0. List the prime factors of (o/(2/(-6)))/(45/2685).
179
Let m = 77 + -73. Let b(k) = 4*k + 10 + 4 - m*k**3 + 4*k + 3*k**3 - 4*k**2. What are the prime factors of b(-6)?
2, 19
Let b = 51 + -54. Let r = 0 - b. Suppose -r*f + 7*f = 284. List the prime factors of f.
71
Suppose 48215 = -43*s + 86103 + 75245. List the prime factors of s.
3, 877
Suppose 3*h = -2*h - 1475. Let o(j) = -j**2 - 2*j + 50. Let s be o(-16). Let w = s - h. What are the prime factors of w?
11
Let r = 1635 + 15493. List the prime factors of r.
2, 2141
Let k(y) = -4*y**2 - 3877*y - 12 + 3858*y - 14*y**2 - y**3. Let t(q) = 18*q + 1. Let g be t(-1). What are the prime factors of k(g)?
2, 11
Let q(g) = g**3 + 11*g**2 + 15*g - 45. Let d be q(-9). List the prime factors of ((-1223)/(-2))/((-9)/d).
1223
Let h be -4 - (-25)/15*-3. Let q(x) = 3*x**2 + 14*x + 11. Let v be q(h). Let l = v - 38. List the prime factors of l.
2, 3, 5
Let d(s) = -s**3 - s**2 + 32*s + 78145. What are the prime factors of d(0)?
5, 15629
Let y be ((-1464)/(-32) + 9)*24. List the prime factors of ((-5)/10)/((-9)/y).
73
Let h(k) = -k - 11. Let n be h(-23). Let f = 412 + n. What are the prime factors of f?
2, 53
Suppose 480440 = 13*i - 9*i + 16*i. List the prime factors of i.
2, 12011
Let s be 5296/(-88) + 1 + (-4)/(-22). Let w = s + 43. What are the prime factors of ((-132)/21)/(w/56)?
2, 11
Let h(o) be the first derivative of -136*o**2 - 43*o - 163. What are the prime factors of h(-3)?
773
Let d(q) = -18*q + 204. Let s be d(-46). Let p = s - 239. List the prime factors of p.
13, 61
Let i be (0 - (-7 - -1))/((-27)/(-18)). Let s(m) = 3*m**2 + 8*m**2 - 4 - 10*m + 2. List the prime factors of s(i).
2, 67
Let k(n) = 56*n**2 + 659*n - 17938. What are the prime factors of k(27)?
19, 2141
Suppose 16 = -3*s + 7*s, 2*s = 4*b + 20. Let l be (-1 - 0)*(2 + 41). What are the prime factors of (l*1)/(b/6)?
2, 43
Let q(w) = -58*w - 149. Let m be q(-17). Let j = m + -444. What are the prime factors of j?
3, 131
Let f(j) = j**2 - 3*j - 2. Let s be f(5). Suppose -b - 2*v = -30, -17 = -5*v + s. Let d = 67 + b. What are the prime factors of d?
3, 29
What are the prime factors of ((-6)/12*9263)/((0 - 1)/2)?
59, 157
Suppose -13*i = -11*i + 120. Let l be (2/(-6))/(4/i). Suppose -4*a - 375 = -l*p, 7*a - 4*a - 173 = -2*p. What are the prime factors of p?
79
Let w(h) be the second derivative of -h**3/2 + 31*h**2/2 + 4*h. Let l be w(9). Suppose -3*o + 5 + l = 0. List the prime factors of o.
3
Suppose -2*s = 3*s - 4*q - 43, 6 = 2*q. Let n be (s + -22)/((-1)/4). Let h = 208 - n. List the prime factors of h.
2, 41
Let a = -54 + 65. Let x(l) = -1 + a + 11*l + 3 - l**2. List the prime factors of x(8).
37
Let o(n) = -n - 1. Let w(k) = -3 + k**2 + 2 - 26*k**3 + 5*k + 37*k**3. Let z(m) = 2*o(m) + w(m). List the prime factors of z(2).
5, 19
Let v(x) = 79*x + 1978. Let a be v(-25). Let z(f) be the first derivative of f**2 + 5*f - 1. What are the prime factors of z(a)?
11
Let b(v) = 241*v**2 + 1017*v + 9. List the prime factors of b(-7).
37, 127
Let p be (2/(-4))/((-16)/160). Suppose a = p*a - 1536. What are the prime factors of a?
2, 3
Let k(x) = 2*x**2 - 70*x + 72. Let j be k(-33). Let g = j - 3193. What are the prime factors of g?
1367
Suppose -25*n + 598486 - 2071715 = -62*n. List the prime factors of n.
29, 1373
Let m(t) = -664*t - 855. What are the prime factors of m(-8)?
4457
Suppose 12*x - 6875 = 9*x + 1081. List the prime factors of x.
2, 3, 13, 17
Let b be ((-18)/(-8))/((-4)/(-16)). Suppose b*d = 2*d. Suppose d = 6*a - 5*a - 156. List the prime factors of a.
2, 3, 13
Let b = -24039 - -37443. List the prime factors of b.
2, 3, 1117
Let r = -30484 - -63023. What are the prime factors of r?
13, 2503
Suppose -29 = 8*p - 9*p. Suppose p = 4*j + 3*c, 0 = -2*j + 5*j - 5*c. Suppose -3*z - j*y = -4*z + 53, -73 = -z + y. What are the prime factors of z?
2, 3, 13
What are the prime factors of 13077 + 8 + (18 - 23)?
2, 3, 5, 109
Let h = -21478 + 48943. What are the prime factors of h?
3, 5, 1831
Let v(y) be the third derivative of -11*y**5/12 - y**4/8 - y**3/6 + y**2. Let a be v(-1). Let w = 114 + a. What are the prime factors of w?
61
Let r(d) = -3*d**2 + 7*d. Let v(u) = 3 - 5*u**2 + 9*u - 2*u - 4 + 8*u. Let m(n) = -5*r(n) + 2*v